3*v**2 + 2*v - 10. Let o be w(-4). What is the hundreds digit of ((2*238)/o)/(-2)?
1
Let i = -68 - -72. Suppose 5*a = -i*s + 870, s - 103 - 127 = 5*a. What is the units digit of s?
0
Suppose -3*f + 748 = -338. Let n = f + -183. What is the hundreds digit of n?
1
Suppose 30 = 2*p + 3*p. Let z be 3/(-9) + 14/p. Suppose 0 = z*w - 0*w - 50. What is the units digit of w?
5
Let o be ((-2)/5*18)/(2/(-45)). Suppose o = b - 3*r, -3*r - 381 = -3*b + 87. What is the hundreds digit of b?
1
Let a be -92 + 5 + (-2)/2. Let b = -53 + 46. What is the units digit of (2 - b)/((-12)/a)?
6
Let j be 76/14 - (-24)/(-56). Suppose d = j + 39. What is the tens digit of d?
4
Let z(l) = 27*l - 52. What is the units digit of z(25)?
3
Suppose 24 + 9 = 2*z + c, 2*z - c = 43. Let v = 31 - z. What is the tens digit of (-333)/(-6)*8/v?
3
Suppose a - 97 + 33 = 0. Let i be (a/(-16))/(4/(-22)). Suppose 3*j - i = 2. What is the units digit of j?
8
Let f(j) = -j**3 + 5*j**2 - j. Let n be f(-4). Let l = n + -63. Let h = l - 50. What is the units digit of h?
5
Suppose 3*k = 5*k + 5*h - 399, 2*k - 3*h - 359 = 0. What is the tens digit of k?
8
Let h(n) = 560*n - 672. What is the units digit of h(7)?
8
Let y be 10 + -9 + (-1 - -175). Suppose 147 = 2*x - 2*f - y, 5*x + 5*f = 805. Suppose -3*g + x = -10. What is the tens digit of g?
5
Let m = -2 + 4. Let x be (m - (4 + 0)) + 4. What is the units digit of 1/(1/11) + x?
3
Let c(t) = 353*t + 298. What is the thousands digit of c(7)?
2
Let r(u) = -u - 16. Let g = -16 + -2. Let l be r(g). Suppose -5*b = -4*a + 107, -2*a - l*b + 17 = -23. What is the units digit of a?
3
Let g = -426 + 557. What is the hundreds digit of g?
1
Let p(a) = 6*a**2 + a + 13. Let c be 8/6*(-1 + 0)*3. What is the units digit of p(c)?
5
Suppose 2*n = -4 + 8. Suppose 43 + 97 = n*c. What is the units digit of c?
0
Let u(o) = -2*o + 6. Let q be u(0). Suppose -q*d + 19 = -5. What is the units digit of d?
4
Let c be 4*(6 + -2)/4. Suppose c*r = u - 119, 2*r + 81 + 139 = 2*u. What is the units digit of u?
7
Let w(x) = 41*x + 260. What is the thousands digit of w(22)?
1
Suppose b = 2*t - 80, 5*t = -5*b + 9*b + 200. What is the units digit of t?
0
Suppose -5*a + 0*a + 415 = -d, 5*a - 5*d = 395. What is the units digit of a?
4
Suppose 5*s - 12 - 13 = 0. Suppose s*p - 70 = 4*i, 2*p + 5*i - 15 = -2*p. What is the units digit of p?
0
Let f(q) = -q**2 - 73*q - 544. What is the units digit of f(-43)?
6
Suppose 0 = 4*d - 581 - 595. What is the hundreds digit of d?
2
Let g = 721 - 363. What is the hundreds digit of g?
3
Let o(g) = 4*g**2 - 21*g + 40. What is the units digit of o(12)?
4
Suppose 3*b - 6 + 15 = 0, 3*b = -5*d + 1. What is the units digit of (0 - (1 - d))*37?
7
What is the thousands digit of (25704/(-30) - (-10)/(-50))*-4?
3
Suppose 1140 = 6*y - 1914. What is the hundreds digit of y?
5
Suppose 6 = 2*k - 2. What is the tens digit of 21*11/k - 33/44?
5
Let b(n) = -34*n - 25*n + 9*n + 0 + 2. What is the tens digit of b(-1)?
5
Suppose f = -4*w + 503 + 1036, -5*f = -w - 7632. What is the tens digit of f?
2
Let b = 6067 - 3500. What is the tens digit of b?
6
Let q be (11/(-33))/((-3)/54). What is the tens digit of q/(-5)*850/(-20)?
5
Suppose -1848 = -11*l + 2860. What is the tens digit of l?
2
What is the thousands digit of ((-23)/(-4))/(-8*16/(-34304))?
1
What is the units digit of (502 - 46) + (0 - (1 + -3))?
8
Let r(f) = 8*f - 19. What is the units digit of r(21)?
9
Suppose -57494 - 4760 = -17*o. What is the units digit of o?
2
Let h(k) = k - 3. Let w be h(9). Let g be (-3)/(w/14) - 1. What is the tens digit of 275/10*g/(-10)?
2
Suppose 0 = 3*h - 3*k - 333, 0 = 5*h + k - 187 - 386. Suppose -3*z - 225 = 4*d + 2*z, 0 = 3*d + 3*z + 171. Let w = d + h. What is the units digit of w?
4
Suppose -2*y + m - 2 = 0, 4*m = 3*y + 1 + 7. What is the tens digit of (-42)/(-3) + -4 + y?
1
Let x = 83 - 85. What is the hundreds digit of (0 - (-155 - 4)) + x + 2?
1
What is the hundreds digit of (-5)/4 + (-191919)/(-364)?
5
Suppose -x = -4*r - 0*x - 5234, 1300 = -r - 4*x. What is the units digit of 1 - (r/8 + 1/(-2))?
5
Let g be (-4)/(-30)*5*90. What is the tens digit of g + 2 + (2 - 3)?
6
Let i(g) = -31*g - 10. Let a be i(-4). Suppose 0 = -4*o - 2*p + a, -3*o + o + 4*p = -42. What is the units digit of o?
7
Let d be 14/2*(-24)/(-28). Suppose -3*r + d = -6. Suppose r*n - 64 = -2*j, -3*n + 4*n = -2*j + 19. What is the tens digit of n?
1
Suppose 1 = -3*x + 2*p + 2, 0 = 5*x + p - 19. Suppose -x*s - 3*z = -2*s - 45, 3*s = -3*z + 123. What is the tens digit of s?
3
Let q = -67 + 113. Let s = q + 57. What is the units digit of s?
3
Let i(t) = t**2 - t - 3. Suppose b - 5 = -2. Let g be i(b). Suppose -g*w - 29 = -2*m - 0*w, w = -2*m + 17. What is the tens digit of m?
1
Let t(f) = -2*f**3 + f**2 + 2*f + 5. What is the hundreds digit of t(-5)?
2
Let x = 81 - 89. What is the hundreds digit of (-3044)/(-16) + (-6)/x?
1
Let j = -1430 - -2064. What is the hundreds digit of j?
6
Let f = -510 - -822. Suppose -4*j + 7*m = 4*m - f, -393 = -5*j + 3*m. What is the tens digit of j?
8
Let w(r) = -r**3 + 2*r**2 + 31*r - 4. What is the hundreds digit of w(-8)?
3
Let r(w) = w**2 - w + 7. Let h be r(3). Suppose 8*i + 20 = h*i. Suppose -i*l - 33 = -89. What is the tens digit of l?
1
Suppose 4*h - k = -11, 5*h - k + 3 = -11. Let t be 1 + h - -3 - 1. Suppose t = -f + 12. What is the tens digit of f?
1
What is the units digit of (2704/(-39))/(2/(-39))?
2
Suppose 0*b = 6*b + 642. Suppose 0 = 2*m + 104 + 38. Let u = m - b. What is the units digit of u?
6
Suppose -2*a + c + 20 = 3*c, -4*c = 3*a - 33. Let q(w) = -3*w + 5. Let s(g) = 10*g - 15. Let m(z) = a*q(z) + 2*s(z). What is the units digit of m(-16)?
1
What is the thousands digit of (25 - -2701) + 1 + 7?
2
Suppose 2030 - 34010 = -52*p. What is the units digit of p?
5
Let t = -289 - -820. What is the hundreds digit of t?
5
Let p(j) be the third derivative of j**6/40 - j**5/30 - j**4/12 - j**3/3 - j**2. What is the hundreds digit of p(4)?
1
Let u(p) = 1813*p + 9. What is the units digit of u(2)?
5
Let b = 3085 + -1085. What is the units digit of b?
0
Let y be (-11)/(-3) - (-2)/6. Suppose 4*o = j - 78, -2*o - j - 22 = -o. Let g = y - o. What is the units digit of g?
4
Suppose 2610 = 10*i - i. What is the hundreds digit of i?
2
Let x(j) = j**3 - 11*j**2. Let q be x(11). Suppose q = -3*t + 25 + 2. What is the tens digit of (6 - t) + 1*45?
4
Let v = -885 - -1312. What is the units digit of v?
7
Suppose 2*w = -5*j + 25, 0 = 6*w - w + j - 5. Suppose w = -0*b + 3*b - 6. Suppose -29 = -2*u + z + 29, u = -b*z + 24. What is the units digit of u?
8
Let z(n) = -5*n + 374. What is the units digit of z(0)?
4
Let q = -34 - -42. Suppose -3*f = -q - 25. What is the tens digit of f?
1
Let s(p) = -6*p**2 + 5 - 12 - 6*p + 3 + p**3. Let v be s(7). Suppose -2*w - 3*w = y - 146, -3*y = -v. What is the tens digit of w?
2
Let r(s) = 2*s**3 - 17*s**2 + 12. Let f be (-158)/(-18) + (-9)/(243/(-6)). What is the tens digit of r(f)?
9
Let o be (-12 - -14)/(2/(-5)). What is the tens digit of (-10)/o - (-27 - 1)?
3
Let h(a) = -15*a - 11. Let z(k) = 7*k + 6. Let j(y) = 6*h(y) + 13*z(y). Let l be j(-9). What is the tens digit of -2 + 112/12*l?
2
Let r(t) = 3*t + 202. What is the units digit of r(21)?
5
Suppose -66*l = -17*l - 164444. What is the thousands digit of l?
3
What is the units digit of 1114/(-4)*(8 + 1 + -11)?
7
Suppose -4503 = -2*n + 5*r + 908, -5*n + 3*r + 13575 = 0. What is the units digit of n?
8
Let c(l) = 11*l + 3. Let y(m) = -22*m - 7. Let f(i) = 9*c(i) + 4*y(i). Let t be f(1). Let x = 71 + t. What is the tens digit of x?
8
Suppose 3*q + 3*q = 12. Let s = q + -1. Let k(r) = 12*r. What is the units digit of k(s)?
2
Suppose -3*k = k - 1220. What is the hundreds digit of k?
3
Suppose 2*j - m = 1749, 5*m = -13*j + 11*j + 1719. What is the hundreds digit of j?
8
Let d be (-1 - -195)*3/(-2). What is the units digit of (3 - 30/9)*d?
7
Let t(a) = 2865*a**2 - 6*a + 2. What is the thousands digit of t(1)?
2
Let d = 19 + -11. Suppose 3*l + 5 = d*l. Suppose -g - l = -2*g. What is the units digit of g?
1
Suppose -2*f + 2*k = 6, 3*k = -5*f + 5*k. Let y(s) = 5*s + s**f + 0 + 0 - 2. What is the units digit of y(-6)?
4
Let z(n) = -1615*n**3 - n**2 - 9*n - 10. What is the thousands digit of z(-1)?
1
Suppose 0 